greatest common divisor of 39 and u?
39
Suppose 0 = 3*m - 169 + 187. Let t(x) = -x - 1. Let j(g) = 2*g + 13. Let c(a) = j(a) + 3*t(a). Let v be c(m). Calculate the highest common factor of 2 and v.
2
Let x = -231 + 405. Let g = -50 + x. What is the highest common factor of g and 31?
31
Suppose 3*b - 8*b = 3*u - 11, 0 = -4*b - 20. What is the highest common divisor of u and 3?
3
Let q be 1/(0 + 4/16). Let o(s) = -s**3 + 7*s**2 - 8*s - 6. Let d be o(5). Calculate the highest common factor of d and q.
4
Let k(i) = 8*i**2 - 11*i + 7. Let r be k(4). Suppose -8*t = -85 - r. Calculate the highest common factor of 33 and t.
11
Suppose -4*f - 1 = -13. Suppose 3*h = 3*t + 282, -f*h + 523 - 217 = 3*t. Calculate the highest common factor of 14 and h.
14
Let b = 1450 - 1098. Calculate the greatest common factor of b and 2.
2
Suppose 31*d - 1804 = 9*d. What is the highest common factor of 574 and d?
82
Let z be -2*(7/(-2) - -1). Let t = -19 + 45. Suppose x + 2*x + 4*k - 53 = 0, 2*k + t = 2*x. Calculate the highest common divisor of z and x.
5
Let u be 2/(-4 - (-412)/102). What is the highest common factor of 17 and u?
17
Let q(x) = 29*x + 1. Let p be q(3). Suppose 2*z - 144 = p. Suppose z = 4*g + 4. What is the greatest common factor of 4 and g?
4
Suppose l + 4*u - 26 = 0, -6*l = -3*l + 5*u - 64. Calculate the highest common factor of 18 and l.
18
Suppose -j = 3*s - 12 + 2, -j + 26 = -5*s. Let g be (28/(-16))/((-2)/j). What is the greatest common factor of 21 and g?
7
Let l(a) = a**3 + 3*a**2 + a + 20. Let q be l(-4). Suppose 6*f - 2*f - 48 = q. What is the highest common divisor of f and 42?
6
Let h = 4 - 2. Let n(r) = 4*r**h - 2 + 0*r**2 + r + 0*r**2 - r**2. Let f be n(2). Calculate the highest common factor of f and 48.
12
Suppose -42*l = -61*l + 44*l - 325. Let h = 12 - -1. Let i be (-1)/((-1)/1)*h. What is the greatest common divisor of l and i?
13
Suppose 10*t - 9*t - n = 2129, -2*t + 3*n = -4257. What is the greatest common factor of 30 and t?
30
Let g be (-201)/(-5) - 20/100. Let f = g - 13. What is the greatest common divisor of 135 and f?
27
Suppose 0 = -10*v + 1842 + 1058. Calculate the highest common divisor of v and 203.
29
Let w = -25 - -35. Let n = -28 + 45. Suppose -14*d - 330 = -n*d. Calculate the highest common divisor of w and d.
10
Suppose -5*v - 2*b = -705, 2*v - 303 = -0*b - 5*b. Suppose -6*l + v + 251 = 0. What is the greatest common factor of 26 and l?
13
Let o(w) = -w**2 + 37*w + 110. Let v be o(36). What is the highest common divisor of 219 and v?
73
Suppose 6*f + 10 = 4*k, k + 2*f - 3 - 3 = 0. Let l = 65 + -45. Calculate the highest common factor of k and l.
4
Let t be (-21)/7 + (-2 - 2) + 19. What is the highest common divisor of 144 and t?
12
Let d(t) = 4*t**2 + 12*t - 3. Let i be d(-7). Let k(x) = 1 - 5 - 6*x + 1 + 4*x + i*x**2. Let h be k(-1). What is the highest common divisor of 12 and h?
12
Let f be 110/(-44)*(-8)/10. Suppose 0*b - b + f = 0. What is the greatest common divisor of b and 1?
1
Suppose 358 = 2*y + 4*q + 82, 3*q = -2*y + 277. Calculate the greatest common factor of y and 40.
20
Let p(l) = -l**2 + 10*l + 4. Let i be p(8). Suppose 4*z - 644 = m, 4*z - 9*z + m + 804 = 0. Calculate the greatest common factor of i and z.
20
Let w be (304/6)/(((-80)/(-24))/5). What is the highest common divisor of w and 12?
4
Suppose -5*m + 2*t - 1 + 7 = 0, -2*t + 4 = 0. What is the highest common divisor of m and 34?
2
Suppose 2*f - f + 179 = i, -2*i - 2*f = -378. Calculate the highest common divisor of i and 16.
8
Let r = -136 + 272. Suppose -6*c + 130 = -5*n - 69, 0 = c + n - 35. What is the highest common factor of r and c?
34
Suppose 3*z + 5*i + 2060 = -2*z, -2*z + 5*i = 838. Let m(n) = -n - 286. Let l be m(0). Let t = l - z. What is the highest common factor of 16 and t?
16
Suppose 2*v = -20 + 52. Calculate the greatest common factor of 2 and v.
2
Let r = -452 + 458. What is the greatest common factor of r and 162?
6
Let q = 1944 + -1272. What is the highest common factor of q and 14?
14
Let g = 108 - 63. Let c = g + -27. Calculate the greatest common divisor of c and 90.
18
Let a be (28/(-84))/((-32)/30 - -1). Calculate the greatest common divisor of 33 and a.
1
Suppose -3*n + 1 = i - 9, -i = 2*n - 12. Suppose 3*t - 2*o - i = 0, 14 = 3*t - 0*t - o. Let j be 8/t - -16 - 2. What is the highest common divisor of 32 and j?
16
Suppose 35 = 2*j + 5*w, 15 = 5*j - w - 5. Suppose t = -0*k - k + j, -5*k = -5. Let n be ((-25)/(-4))/(1/t). What is the greatest common divisor of 10 and n?
5
Suppose -20*b + 79 = -1. Calculate the highest common factor of b and 284.
4
Suppose 4*z = 5*k - 134, -3*k + 3*z + 81 = -0*z. What is the greatest common divisor of k and 338?
26
Let u be ((-57)/38)/(9/(-60)). Calculate the highest common divisor of u and 410.
10
Let w(m) = -m**3 + 8*m**2 + 14*m + 1. Let i be w(-3). Calculate the greatest common factor of 6 and i.
2
Suppose -190 = 2*c - 7*c. Suppose 5*a = -3*l + 161, 2*l - 3*l = -2*a - 61. What is the highest common divisor of l and c?
19
Let b(s) = -1 - 3*s + 3 + s**3 + 5*s**2 + 2*s - 4. Suppose -4 = 4*u + 3*l, -4*u + l - 24 = u. Let q be b(u). What is the highest common factor of 12 and q?
6
Suppose -2*h = 5*o - 475, -h - 12*o + 245 = -17*o. What is the highest common divisor of h and 12?
12
Let h = -59 - -82. Let f be (-3)/((-2315)/575 - (-4 + 0)). What is the greatest common factor of f and h?
23
Suppose 0 = v + 1, -4*o = -3*o - 3*v - 47. Let j = 45 - o. Calculate the highest common factor of 5 and j.
1
Let l = 301 + -241. Calculate the highest common factor of l and 24.
12
Suppose 21*j - 18*j - 15 = 0. Suppose -2*b + i + i = -56, 4*i + 142 = j*b. Calculate the highest common divisor of b and 70.
10
Let a(v) = 4*v + 3. Let i be a(3). Let y be (-1 + 16)/(42/378). Calculate the highest common divisor of y and i.
15
Suppose 5*x - 2753 = -62*x + 3411. Let j be (2/(-6))/((-1)/69). Calculate the greatest common factor of j and x.
23
Let o = 547 + -527. Let w = 248 - -183. Suppose w = 2*p + 3*z, 0*z = -3*z - 9. What is the greatest common divisor of o and p?
20
Suppose 0 = -u - 2*u - 24. Let t be (24/(-84) + (-90)/28)*u. What is the greatest common divisor of t and 42?
14
Let m(u) = -u**3 - 11*u**2 + 17*u - 93. Let l be m(-13). Calculate the highest common divisor of 48 and l.
24
Suppose 5*a - 12 = -2. Let m(x) = 35 - 36 + 5*x**2 + 4*x**a + 2*x. Let q be m(1). Calculate the greatest common factor of 80 and q.
10
Let s = -87 + 101. What is the greatest common divisor of s and 28?
14
Let y = 44 - 18. Suppose 4*x + 2 = y. Let f(i) = i**3 + 3*i**2 + 2. Let k be f(-3). Calculate the greatest common factor of k and x.
2
Suppose -53*r = -13879 + 2431. Calculate the highest common factor of 16 and r.
8
Let b = 173 + -100. Calculate the greatest common divisor of b and 657.
73
Let b be ((-96)/84)/((-2)/14). Calculate the highest common factor of 72 and b.
8
Let p be (50 - 0)/2 + -1. Let a(t) = -11*t**3 + 66*t**2 + 10*t. Let c be a(6). Calculate the greatest common divisor of c and p.
12
Suppose -5*s = -2*m - 13, -4*s - 4*m = -7 - 9. Suppose -4*i - s*p = -65, -4*i + 3*i + 2*p = -30. What is the greatest common factor of i and 30?
10
Let p(d) = -2*d**2 + 9*d - 17. Let o be p(5). Let g be (22*2)/(11/(o/(-4))). What is the greatest common factor of 11 and g?
11
Suppose 3*c - 6 = -i + 7, 4*c - 12 = -i. Suppose -24*z = -14430 + 5598. Calculate the highest common divisor of i and z.
16
Suppose -77*u + 1382 + 4855 = 0. What is the greatest common divisor of u and 567?
81
Suppose 160 = -12*q + 22*q. What is the greatest common divisor of 128 and q?
16
Let o(r) = r + 12. Let c be o(10). Suppose 0 = -5*a - 0*v - 3*v + c, 4*v - 20 = -2*a. Calculate the greatest common factor of a and 2.
2
Let k(f) = -f**3 - 3*f**2 - 5*f + 2. Let m be k(-5). Let z = m + -48. What is the greatest common factor of 174 and z?
29
Let u(t) = t**3 + 5*t**2 + 3*t + 3. Suppose 2*p - 6 = -3*q, p + 4*p - 5*q = -35. Let b be u(p). What is the greatest common divisor of b and 6?
6
Let r be 9/15 + 240/(-25). Let c be 4/2 + r/(-3). Calculate the greatest common factor of c and 40.
5
Suppose -295 - 1040 = -3*w. Calculate the greatest common factor of 267 and w.
89
Let o(m) = 3*m**2 + 2*m**2 + 33*m - 26*m. Let k be o(-5). What is the highest common diviso